be g(q). Let h(l) = -l - 10. Calculate h(w).
-4
Let v(d) = -d - 4. Let f be (10/(-20))/((-2)/(-20)). Calculate v(f).
1
Let h(x) = x**2 + 3*x + 1. Let l = -31 - -18. Let b = 8 + l. Let z = b - -1. Give h(z).
5
Let h(l) be the second derivative of 1/6*l**3 - 3*l + 0 - 9/2*l**2. Suppose -72*a = -26*a - 230. What is h(a)?
-4
Let j(n) = 6*n - 38. Let w be j(6). Let p(u) be the third derivative of -u**6/60 - u**5/60 + u**4/6 + u**3/2 - 11*u**2. Calculate p(w).
7
Let x(y) = -11*y - 61. Let j be x(-5). Let a(t) be the second derivative of t**5/20 + t**4/2 + t**3/3 - 2*t. What is a(j)?
-12
Let p(k) be the third derivative of k**7/2520 - k**6/720 + k**5/10 + 5*k**4/8 + k**2. Let c(d) be the second derivative of p(d). Calculate c(0).
12
Let f(c) = -9*c - 6*c - c**3 - 9*c**2 + 11 + 7*c. Give f(-8).
11
Suppose 0*u - 3*u = -30. Let x = u + -13. Let r(g) be the first derivative of 2*g**3/3 + 5*g**2/2 + 3*g - 14. What is r(x)?
6
Let m(i) = -3*i + 1. Let p be (-2*1)/((-12)/18). Suppose -p*u + 14 = -2*d, 6*d = 4*u + d - 14. Let n be 8/u + (-6)/(-9). What is m(n)?
-5
Let k(m) = m**3 - m**2 + m. Let n be k(1). Let f(i) = 9 - 7*i + 3*i + 5*i - 10. What is f(n)?
0
Let c be (11 + (-9 - -3))*(-8)/(-30). Let a(w) be the first derivative of -c*w**3 + 3*w - 1/4*w**4 + 0*w**2 + 11. What is a(-3)?
-6
Let n(v) = -2*v**2 - 2*v + 1. Let b(h) = h**2 - h - 4. Let c be b(3). Calculate n(c).
-11
Let c(k) = -k**3 + 3*k**2 - 3*k + 28. Suppose -8*b = 194 - 226. Calculate c(b).
0
Let q(y) = y**2 - 17*y - 31. Let r be q(13). Let h = -83 - r. Let z(i) = -i + 23. What is z(h)?
23
Let h(m) be the first derivative of m**4/4 + 2*m**3 - 4*m**2 + 6*m + 473. Calculate h(-7).
13
Let f(y) be the second derivative of y**4/12 + y**3/6 + y**2/2 + 19*y. Let d be 1*((-6)/(-33) - 155/(-55)). Calculate f(d).
13
Let h be 16/7 - 4/14. Let l(w) = -w**3 - 4*w**2 - 4*w - 1. Let b be l(-3). Let g(r) = 22*r**b + 3*r - 2*r - 15*r**h. What is g(1)?
8
Suppose -9*f + 3 = -15. Let y be ((-4)/(-2) - 0) + 3. Let v(c) = 7*c**2 - 2*c - 2. Let w(p) = -4*p**2 + p + 1. Let h(r) = y*w(r) + 3*v(r). Calculate h(f).
1
Suppose 4*w - 28 = -0*w. Let j = 3 - w. Let z(b) = -b**3 - 4*b**2 - 5*b - 6. Determine z(j).
14
Let i = 21 - 43. Let m = 19 + i. Let n(j) be the third derivative of j**4/24 + 2*j**3/3 + 3*j**2. Give n(m).
1
Let g(f) be the third derivative of f**5/60 + f**4/8 - 10*f**3/3 + 59*f**2. Give g(-7).
8
Let h = -682 + 669. Let p(y) = y**3 + 14*y**2 + 13*y + 3. Determine p(h).
3
Let f = -228 - -140. Let q = 83 + f. Let k(a) = -a**3 - 4*a**2 + 4*a + 3. Give k(q).
8
Let u(c) = c**2 - 3*c - 37. Let h be u(8). Let z(w) = -8*w**2 + 6*w**3 + 2*w - 5*w**h - 8 + w + 5*w. Give z(7).
-1
Let n(l) = 7*l**2 + 3*l + 2. Let p be -5 + -6*(-7)/(-63)*-6. Give n(p).
6
Let y(b) = b**3 + 3*b**2 - 1. Let w be y(-3). Let q be (1/(-2))/(w/14). Let d(p) = -2 - p**2 + q*p + 1 + p. What is d(7)?
6
Let d(s) be the second derivative of -1/120*s**5 - 1/3*s**3 + 0*s**2 + 0 - 5*s + 3/8*s**4. Let c(t) be the second derivative of d(t). Give c(7).
2
Let v(z) = -3*z**2 + 23*z. Let h(g) = -5*g**2 + 43*g + 1. Let f(m) = -6*h(m) + 11*v(m). What is f(-5)?
-56
Let y(c) be the first derivative of c**2/2 + 4*c + 188. Give y(-7).
-3
Let f(n) = n**2 - 5*n + 3. Let h(s) = s**2 + 90 + 0*s**2 + 4*s - 81. Let j be h(-2). Calculate f(j).
3
Let r(t) = 59*t - 43 + 31 - 51*t - t**2. Give r(5).
3
Let r(m) be the first derivative of m**2/2 + 9*m - 18. Let t = -7 - -3. Determine r(t).
5
Let p(d) be the first derivative of 7*d + 5/6*d**3 + 2 - d**2 + 1/12*d**4. Let x(o) be the first derivative of p(o). What is x(-5)?
-2
Let y = -36 - -18. Let x be (9/y)/(1/6). Let a = x + -2. Let o(r) = -3*r - 5. Give o(a).
10
Let o(x) be the second derivative of -5*x**3/6 - 4*x**2 - 19*x - 9. Determine o(-2).
2
Let c(p) = 9*p + 2. Let x be c(2). Let h = 28 - x. Let d(t) be the third derivative of t**4/24 - t**3/2 + 22*t**2. Calculate d(h).
5
Let n(c) = -4*c**2 + c + 3. Let v be (10/(-15))/(1 - 11/9). Give n(v).
-30
Let q(o) be the second derivative of 8*o**3/3 - o**2/2 - 12*o. What is q(-1)?
-17
Let n(y) = -2*y - 7. Let r(b) = -6*b - 22. Let h(g) = g + g**2 + 16 + 6*g - 2*g**2 - 8*g. Let w be h(0). Let a(c) = w*n(c) - 5*r(c). What is a(3)?
-8
Let y(a) be the first derivative of a**3/3 + 5*a**2/2 - 2*a + 57. Suppose 0 = 5*o + 47 - 117. Let j = o + -19. What is y(j)?
-2
Let a(w) = -466 - 437 + 935 + w - 7*w**2 - w**3. Calculate a(-6).
-10
Let m be 81/3 + 5 + -1. Suppose -5*w - 8 = 4*d, -7*w + 5*d = -3*w + m. Let r(j) = j**2 + 2*j. Calculate r(w).
8
Suppose -h = 6*h + 21. Let z(v) be the second derivative of v**6/720 - v**5/120 + v**4/12 + 2*v. Let l(i) be the third derivative of z(i). What is l(h)?
-4
Let h(j) = 4*j**2 - j + j**3 - 4*j + 2*j - 344 + 345. Determine h(-4).
13
Suppose 0 = -6*b + 4*b - 3*s - 1, -2*b = 4*s. Let x(i) = 4*i + 5. Calculate x(b).
-3
Let n = -5 - 1. Let k(r) = 62*r + 10. Let u(c) = -28*c - 5. Let z(s) = -4*k(s) - 9*u(s). What is z(n)?
-19
Let h(r) = -r**3 + 6*r**2 + 6*r + 9. Let u be h(7). Let k be 5/(10/8) + u. Let p(z) = 6*z**3 + 6*z**2 + 3*z - 5*z**3 + 3*z - z + k. Determine p(-5).
6
Let z(w) = w**3 + 11*w**2 + w + 12. Let r = 59 - 70. Calculate z(r).
1
Let g(u) = u**3 + u**2 - u + 1. Suppose -2*o = -5*x - 0*x + 14, 18 = 4*x - 5*o. Suppose x*z = -a - 5, -2*z - 10 = -a + z. Determine g(a).
2
Suppose -13*z + 8*z = -11*d + 90, 5*d = 25. Let r(f) = -f**3 - 7*f**2 - 2*f - 13. Give r(z).
1
Let y = -1275 - -1281. Let q(j) = j**2 - 6*j + 2. Calculate q(y).
2
Let s(m) = m**2 - m. Let x(c) = c**2 + 5*c - 1. Let z be x(-6). Suppose z*a = -0 - 10. Let d(g) = -5*g**2 + 5*g + 1. Let b(i) = a*d(i) - 9*s(i). What is b(2)?
0
Let y(q) = q**3 + 5*q**2 - 8*q - 8. Let t(r) = -9*r - 3. Let h be t(-3). Suppose 5*i + 3*n - 10 = 0, 0 = -2*i - 4*n - 15 + 5. Suppose -i*p = -p + h. Give y(p).
4
Let l(y) = -y**3 - y**2 + 10*y + 18. Let v be l(-3). Let o(q) = -q + 2*q + 4*q - v*q + 1. What is o(6)?
-5
Let q(f) = f**2 + 6*f + 2. Let d(g) = 8*g + 13. Let n be d(5). Let v = n - 61. Determine q(v).
18
Let n(h) = h**2 - 2*h. Let r(u) = u**2 + u - 1. Let a(p) = -n(p) + 2*r(p). Let v(j) = -3*j**2 - 4 - 12*j + 9 + 2. Let c(l) = -7*a(l) - 2*v(l). What is c(-4)?
0
Let a be (-2)/(2 - 15/8). Let q be (-8)/a - (-2)/(-4). Let f(w) = w**2 - 2*w + 3. Let x(y) = -y**2 + 3*y - 2. Let b(z) = -4*f(z) - 3*x(z). Calculate b(q).
-6
Let b(t) = -16*t**2 + t**3 + 17*t**2 - 10*t**2 + 8 - 2*t. Give b(9).
-10
Let a(p) = -13*p**2 - 2*p + 29. Let k(i) = 8*i**2 + i - 19. Let q(b) = -5*a(b) - 8*k(b). Determine q(3).
22
Let c(s) = 26*s**2 - 8 - 3*s**3 - 8*s**3 - 23*s - 4. Let r(q) = -2*q - 4 - 8*q**3 - 2*q - 4*q + 9*q**2 + 4*q**3. Let h(t) = 3*c(t) - 8*r(t). What is h(5)?
-4
Let g(k) be the third derivative of -k**4/12 + k**3/6 + k**2. Let x = 17468 + -17471. Determine g(x).
7
Let i = 1 - 1. Let t = i + -3. Let q(n) be the third derivative of -n**6/120 - n**5/20 + 5*n**4/24 + n**3/2 + 21*n**2. Determine q(t).
-12
Let i(t) be the second derivative of -t**5/20 - t**4/3 + 7*t**3/6 + 7*t**2/2 + t. Let d = -6919 + 6914. Determine i(d).
-3
Let i(z) be the first derivative of -z**7/840 + z**6/72 - z**5/60 + z**4/24 - 8*z**3/3 - 2. Let t(r) be the third derivative of i(r). Calculate t(4).
9
Let d be 4*2/20 + (-16)/(-10). Let x(m) = 34*m**2 + 31*m**d + 2 - 67*m**2 + m**3 + 2*m. Give x(2).
6
Let z(w) be the second derivative of -w**7/840 - w**6/40 + 11*w**5/120 + w**4/12 + w**3/6 + 7*w. Let h(d) be the second derivative of z(d). Give h(-10).
-8
Let k(x) be the first derivative of x**3/6 - 5*x**2/2 - 2*x + 3. Let y(i) be the first derivative of k(i). Give y(6).
1
Let o(r) = -r - 6. Let z be o(-11). Suppose 17 = 4*i + z. Let u(a) = 16*a**3 - 3*a**2 - 1 - 7*a**i + a - 8*a**3. Determine u(2).
-3
Let q(g) be the first derivative of -g**5/20 + g**4/3 - g**3/2 + 26*g + 1. Let k(b) be the first derivative of q(b). Calculate k(4).
-12
Suppose -4*u + 105 = -19*u. Let p(r) = -4*r - 5. Give p(u).
23
Let w = -3 + 5. Let k(g) = -g + g + w*g - g. Suppose 0 = 2*z + 2*v - 8, -12*z + 9*z + 4*v = -19. Give k(z).
5
Let l = -16 - -11. Let u(j) = j**3 - 6. Let q(k) = k**3 + k**2 + k - 7. Let d(o) = l*u(o) + 4*q(o). Let z = -2 + 6. Give d(z).
18
Let l(x) = 628 + 88*x**2 + 3*x - 621 - 87*x**2. Give l(-2).
5
Let j(o) = -3*o - 4. Suppose -4*d - 16 = 8. Let s